{"id":22,"date":"2026-03-02T11:44:42","date_gmt":"2026-03-02T11:44:42","guid":{"rendered":"https:\/\/paflidu.click\/?page_id=22"},"modified":"2026-03-16T13:46:51","modified_gmt":"2026-03-16T13:46:51","slug":"kontakt-und-anfahrt","status":"publish","type":"page","link":"https:\/\/paflidu.click\/?page_id=22","title":{"rendered":"Kontakt : Lassen Sie uns gemeinsam planen"},"content":{"rendered":"\n<p>Haben Sie Fragen zu einer Neugestaltung oder ben\u00f6tigen Sie eine professionelle Einsch\u00e4tzung f\u00fcr Ihr bestehendes Gr\u00fcn. Matthias Hoffmann steht Ihnen f\u00fcr eine pers\u00f6nliche Beratung zur Verf\u00fcgung. Sie finden unser Atelier im Herzen von Berlin : wo Inspiration auf Handwerk trifft.<\/p>\n\n\n\n<p><strong>Erreichbarkeit von paflidu<\/strong><\/p>\n\n\n\n<ul class=\"wp-block-list\">\n<li>\u29bf <strong>Atelier Adresse :<\/strong> Chodowieckistra\u00dfe 39, 10405 Berlin<\/li>\n\n\n\n<li>\u29bf <strong>Elektronische Post :<\/strong> mail@paflidu.click<\/li>\n\n\n\n<li>\u29bf <strong>Identifikation :<\/strong> Matthias Hoffmann : DE594304394<\/li>\n\n\n\n<li>\u29bf <strong>Telefon:<\/strong> +49-226-349-51-397<\/li>\n<\/ul>\n\n\n\n<p>Wir freuen uns darauf : Ihre Au\u00dfenanlage in eine Oase der Ruhe zu verwandeln. Vereinbaren Sie noch heute einen Termin : damit wir die M\u00f6glichkeiten Ihres Gartens voll aussch\u00f6pfen k\u00f6nnen. Qualit\u00e4t sowie Design stehen bei uns an erster Stelle.<\/p>\n","protected":false},"excerpt":{"rendered":"<p>Haben Sie Fragen zu einer Neugestaltung oder ben\u00f6tigen Sie eine professionelle Einsch\u00e4tzung f\u00fcr Ihr bestehendes Gr\u00fcn. Matthias Hoffmann steht Ihnen f\u00fcr eine pers\u00f6nliche Beratung zur Verf\u00fcgung. Sie finden unser Atelier im Herzen von Berlin : wo Inspiration auf Handwerk trifft. Erreichbarkeit von paflidu Wir freuen uns darauf : Ihre Au\u00dfenanlage in eine Oase der Ruhe [&hellip;]<\/p>\n","protected":false},"author":1,"featured_media":0,"parent":0,"menu_order":4,"comment_status":"closed","ping_status":"closed","template":"","meta":{"footnotes":""},"class_list":["post-22","page","type-page","status-publish","hentry"],"_links":{"self":[{"href":"https:\/\/paflidu.click\/index.php?rest_route=\/wp\/v2\/pages\/22","targetHints":{"allow":["GET"]}}],"collection":[{"href":"https:\/\/paflidu.click\/index.php?rest_route=\/wp\/v2\/pages"}],"about":[{"href":"https:\/\/paflidu.click\/index.php?rest_route=\/wp\/v2\/types\/page"}],"author":[{"embeddable":true,"href":"https:\/\/paflidu.click\/index.php?rest_route=\/wp\/v2\/users\/1"}],"replies":[{"embeddable":true,"href":"https:\/\/paflidu.click\/index.php?rest_route=%2Fwp%2Fv2%2Fcomments&post=22"}],"version-history":[{"count":2,"href":"https:\/\/paflidu.click\/index.php?rest_route=\/wp\/v2\/pages\/22\/revisions"}],"predecessor-version":[{"id":54,"href":"https:\/\/paflidu.click\/index.php?rest_route=\/wp\/v2\/pages\/22\/revisions\/54"}],"wp:attachment":[{"href":"https:\/\/paflidu.click\/index.php?rest_route=%2Fwp%2Fv2%2Fmedia&parent=22"}],"curies":[{"name":"wp","href":"https:\/\/api.w.org\/{rel}","templated":true}]}}